{"id":220,"date":"2021-08-18T06:23:56","date_gmt":"2021-08-18T04:23:56","guid":{"rendered":"https:\/\/intermontecoconsulting.pl\/?page_id=220"},"modified":"2021-08-18T06:57:11","modified_gmt":"2021-08-18T04:57:11","slug":"zastepstwo-inwestorskie","status":"publish","type":"page","link":"https:\/\/intermontecoconsulting.pl\/index.php\/zastepstwo-inwestorskie\/","title":{"rendered":"Zast\u0119pstwo inwestorskie"},"content":{"rendered":"\n<p class=\"bottom-margin\">Intermont Eco Consulting Sp. z o.o. gotowy jest do pe\u0142nienia funkcji inwestora zast\u0119pczego wszelkich inwestycji.Dzi\u0119ki profesjonalnej, wykwalifikowanej kadrze in\u017cynierskiej jak\u0105 dysponujemy mo\u017cemy zapewni\u0107 rzetelny nadz\u00f3r nad prowadzonymi pracami budowlanymi. Zajmujemy si\u0119 doradztwem w procesie inwestycyjnym od uzyskania pozwolenia na budow\u0119 po pozwolenie na u\u017cytkowanie. Pomagamy w doprowadzeniu i pod\u0142\u0105czeniu wszystkich medi\u00f3w jak woda, pr\u0105d, gaz, kanalizacja a nawet telewizja, Internet i telefon. Dla inwestora gromadzimy niezb\u0119dne do realizacji inwestycji dokumenty i zajmujemy si\u0119 wszystkimi sprawami formalnymi i technicznymi zwi\u0105zanymi z budow\u0105 nowego obiektu budowlanego.<\/p>\n","protected":false},"excerpt":{"rendered":"<p>Intermont Eco Consulting Sp. z o.o. gotowy jest do pe\u0142nienia funkcji inwestora zast\u0119pczego wszelkich inwestycji.Dzi\u0119ki profesjonalnej, wykwalifikowanej kadrze in\u017cynierskiej jak\u0105 dysponujemy mo\u017cemy zapewni\u0107 rzetelny nadz\u00f3r nad prowadzonymi pracami budowlanymi. Zajmujemy si\u0119 doradztwem w procesie inwestycyjnym od uzyskania pozwolenia na budow\u0119 po pozwolenie na u\u017cytkowanie. Pomagamy w doprowadzeniu i pod\u0142\u0105czeniu wszystkich<\/p>\n","protected":false},"author":1,"featured_media":221,"parent":0,"menu_order":0,"comment_status":"closed","ping_status":"closed","template":"","meta":{"footnotes":""},"class_list":["post-220","page","type-page","status-publish","has-post-thumbnail","hentry"],"_links":{"self":[{"href":"https:\/\/intermontecoconsulting.pl\/index.php\/wp-json\/wp\/v2\/pages\/220","targetHints":{"allow":["GET"]}}],"collection":[{"href":"https:\/\/intermontecoconsulting.pl\/index.php\/wp-json\/wp\/v2\/pages"}],"about":[{"href":"https:\/\/intermontecoconsulting.pl\/index.php\/wp-json\/wp\/v2\/types\/page"}],"author":[{"embeddable":true,"href":"https:\/\/intermontecoconsulting.pl\/index.php\/wp-json\/wp\/v2\/users\/1"}],"replies":[{"embeddable":true,"href":"https:\/\/intermontecoconsulting.pl\/index.php\/wp-json\/wp\/v2\/comments?post=220"}],"version-history":[{"count":2,"href":"https:\/\/intermontecoconsulting.pl\/index.php\/wp-json\/wp\/v2\/pages\/220\/revisions"}],"predecessor-version":[{"id":246,"href":"https:\/\/intermontecoconsulting.pl\/index.php\/wp-json\/wp\/v2\/pages\/220\/revisions\/246"}],"wp:featuredmedia":[{"embeddable":true,"href":"https:\/\/intermontecoconsulting.pl\/index.php\/wp-json\/wp\/v2\/media\/221"}],"wp:attachment":[{"href":"https:\/\/intermontecoconsulting.pl\/index.php\/wp-json\/wp\/v2\/media?parent=220"}],"curies":[{"name":"wp","href":"https:\/\/api.w.org\/{rel}","templated":true}]}}